{"id":37,"date":"2015-06-25T14:41:47","date_gmt":"2015-06-25T14:41:47","guid":{"rendered":"http:\/\/kf-st-konrad.de\/?page_id=37"},"modified":"2015-06-26T11:16:50","modified_gmt":"2015-06-26T11:16:50","slug":"kontakt","status":"publish","type":"page","link":"https:\/\/kf-st-konrad.de\/?page_id=37","title":{"rendered":"Kontakt"},"content":{"rendered":"<p><strong>Vorsitzende<\/strong><\/p>\n<p>Beate Lorenz<br \/>\nBr\u00fcxer Stra\u00dfe 32<br \/>\n93057 Regensburg<br \/>\nTel. privat: 66197<br \/>\nE-Mail: familie.lorenz@r-kom.net<\/p>\n<p><strong>Ansprechpartner f\u00fcr das Familienferienhaus Neub\u00e4u<\/strong><\/p>\n<p>Michael Eifler<br \/>\nMemeler Stra\u00dfe 8<br \/>\n93057 Regensburg<br \/>\nTel.: 0160\/97973378<br \/>\nE-Mail: haus-kolping@t-online.de<\/p>\n","protected":false},"excerpt":{"rendered":"<p>Vorsitzende Beate Lorenz Br\u00fcxer Stra\u00dfe 32 93057 Regensburg Tel. privat: 66197 E-Mail: familie.lorenz@r-kom.net Ansprechpartner f\u00fcr das Familienferienhaus Neub\u00e4u Michael Eifler Memeler Stra\u00dfe 8 93057 Regensburg Tel.: 0160\/97973378 E-Mail: haus-kolping@t-online.de<\/p>\n","protected":false},"author":1,"featured_media":0,"parent":0,"menu_order":0,"comment_status":"closed","ping_status":"open","template":"","meta":{"footnotes":""},"class_list":["post-37","page","type-page","status-publish","hentry"],"_links":{"self":[{"href":"https:\/\/kf-st-konrad.de\/index.php?rest_route=\/wp\/v2\/pages\/37","targetHints":{"allow":["GET"]}}],"collection":[{"href":"https:\/\/kf-st-konrad.de\/index.php?rest_route=\/wp\/v2\/pages"}],"about":[{"href":"https:\/\/kf-st-konrad.de\/index.php?rest_route=\/wp\/v2\/types\/page"}],"author":[{"embeddable":true,"href":"https:\/\/kf-st-konrad.de\/index.php?rest_route=\/wp\/v2\/users\/1"}],"replies":[{"embeddable":true,"href":"https:\/\/kf-st-konrad.de\/index.php?rest_route=%2Fwp%2Fv2%2Fcomments&post=37"}],"version-history":[{"count":1,"href":"https:\/\/kf-st-konrad.de\/index.php?rest_route=\/wp\/v2\/pages\/37\/revisions"}],"predecessor-version":[{"id":38,"href":"https:\/\/kf-st-konrad.de\/index.php?rest_route=\/wp\/v2\/pages\/37\/revisions\/38"}],"wp:attachment":[{"href":"https:\/\/kf-st-konrad.de\/index.php?rest_route=%2Fwp%2Fv2%2Fmedia&parent=37"}],"curies":[{"name":"wp","href":"https:\/\/api.w.org\/{rel}","templated":true}]}}

<p><strong>Vorsitzende</strong></p>
<p>Beate Lorenz<br />
Brüxer Straße 32<br />
93057 Regensburg<br />
Tel. privat: 66197<br />
E-Mail: familie.lorenz@r-kom.net</p>
<p><strong>Ansprechpartner für das Familienferienhaus Neubäu</strong></p>
<p>Michael Eifler<br />
Memeler Straße 8<br />
93057 Regensburg<br />
Tel.: 0160/97973378<br />
E-Mail: haus-kolping@t-online.de</p>

<p>Vorsitzende Beate Lorenz Brüxer Straße 32 93057 Regensburg Tel. privat: 66197 E-Mail: familie.lorenz@r-kom.net Ansprechpartner für das Familienferienhaus Neubäu Michael Eifler Memeler Straße 8 93057 Regensburg Tel.: 0160/97973378 E-Mail: haus-kolping@t-online.de</p>
