{"id":35,"date":"2015-06-25T14:35:43","date_gmt":"2015-06-25T14:35:43","guid":{"rendered":"http:\/\/kf-st-konrad.de\/?page_id=35"},"modified":"2015-06-26T11:16:50","modified_gmt":"2015-06-26T11:16:50","slug":"impressum","status":"publish","type":"page","link":"https:\/\/kf-st-konrad.de\/?page_id=35","title":{"rendered":"Impressum"},"content":{"rendered":"<p>Kolpingsfamilie St. Konrad<br \/>\nTel: 0941 66197<br \/>\nE-Mail: familie.lorenz@r-kom.net<\/p>\n<p><strong>Haftung f\u00fcr Inhalte<\/strong><\/p>\n<p>Die Inhalte dieser Seiten wurden mit gr\u00f6\u00dfter Sorgfalt erstellt. F\u00fcr die Richtigkeit, Vollst\u00e4ndigkeit und Aktualit\u00e4t der Inhalte kann die Kolpingsfamilie St. Konrad jedoch keine Gew\u00e4hr \u00fcbernehmen.<\/p>\n<p><strong>Haftung f\u00fcr Links<\/strong><\/p>\n<p>Der Internetauftritt der Kolpingsfamilie St. Konrad enth\u00e4lt Links zu externen Webseiten Dritter, auf deren Inhalte die Kolpingsfamilie St. Konrad keinen Einfluss hat. Deshalb kann die Kolpingsfamilie St. Konrad f\u00fcr diese fremden Inhalte auch keine Gew\u00e4hr \u00fcbernehmen. F\u00fcr die Inhalte der verlinkten Seiten ist stets der jeweilige Anbieter oder Betreiber der Seiten verantwortlich. Die verlinkten Seiten wurden zum Zeitpunkt der Verlinkung auf m\u00f6gliche Rechtsverst\u00f6\u00dfe \u00fcberpr\u00fcft. Rechtswidrige Inhalte waren zum Zeitpunkt der Verlinkung nicht erkennbar. Eine permanente inhaltliche Kontrolle der verlinkten Seiten ist jedoch ohne konkrete Anhaltspunkte einer Rechtsverletzung nicht zumutbar. Bei bekannt werden von Rechtsverletzungen werden derartige Links umgehend entfernt.<\/p>\n<p><strong>Urheberrecht<\/strong><\/p>\n<p>Die durch die Seitenbetreiber erstellten Inhalte und Werke auf diesen Seiten unterliegen dem deutschen Urheberrecht. Beitr\u00e4ge Dritter sind als solche gekennzeichnet. Die Vervielf\u00e4ltigung, Bearbeitung, Verbreitung und jede Art der Verwertung au\u00dferhalb der Grenzen des Urheberrechtes bed\u00fcrfen der schriftlichen Zustimmung des jeweiligen Autors bzw. Erstellers. Downloads und Kopien dieser Seite sind nur f\u00fcr den privaten, nicht kommerziellen Gebrauch gestattet. Downloads und Kopien von den von mir erstellen Fotos sind erst nach R\u00fccksprache erlaubt.<\/p>\n<p>Die Betreiber der Seiten sind bem\u00fcht, stets die Urheberrechte anderer zu beachten bzw. auf selbst erstellte sowie lizenzfreie Werke zur\u00fcckzugreifen.<\/p>\n<p><strong>Datenschutz<\/strong><\/p>\n<p>Der Nutzung von im Rahmen der Impressumspflicht ver\u00f6ffentlichten Kontaktdaten durch Dritte zur \u00dcbersendung von nicht ausdr\u00fccklich angeforderter Werbung und Informationsmaterialien wird hiermit ausdr\u00fccklich widersprochen. Die Betreiber der Seiten behalten sich ausdr\u00fccklich rechtliche Schritte im Falle der unverlangten Zusendung von Werbeinformationen, etwa durch Spam-Mails, vor.<\/p>\n<p>Quelle: eRecht24.de &#8211; Internetrecht von Rechtsanwalt S\u00f6ren Siebert<\/p>\n","protected":false},"excerpt":{"rendered":"<p>Kolpingsfamilie St. Konrad Tel: 0941 66197 E-Mail: familie.lorenz@r-kom.net Haftung f\u00fcr Inhalte Die Inhalte dieser Seiten wurden mit gr\u00f6\u00dfter Sorgfalt erstellt. F\u00fcr die Richtigkeit, Vollst\u00e4ndigkeit und Aktualit\u00e4t der Inhalte kann die Kolpingsfamilie St. Konrad jedoch keine Gew\u00e4hr \u00fcbernehmen. Haftung f\u00fcr Links Der Internetauftritt der Kolpingsfamilie St. Konrad enth\u00e4lt Links zu externen Webseiten Dritter, auf deren Inhalte [&hellip;]<\/p>\n","protected":false},"author":1,"featured_media":0,"parent":0,"menu_order":0,"comment_status":"closed","ping_status":"open","template":"","meta":{"footnotes":""},"class_list":["post-35","page","type-page","status-publish","hentry"],"_links":{"self":[{"href":"https:\/\/kf-st-konrad.de\/index.php?rest_route=\/wp\/v2\/pages\/35","targetHints":{"allow":["GET"]}}],"collection":[{"href":"https:\/\/kf-st-konrad.de\/index.php?rest_route=\/wp\/v2\/pages"}],"about":[{"href":"https:\/\/kf-st-konrad.de\/index.php?rest_route=\/wp\/v2\/types\/page"}],"author":[{"embeddable":true,"href":"https:\/\/kf-st-konrad.de\/index.php?rest_route=\/wp\/v2\/users\/1"}],"replies":[{"embeddable":true,"href":"https:\/\/kf-st-konrad.de\/index.php?rest_route=%2Fwp%2Fv2%2Fcomments&post=35"}],"version-history":[{"count":1,"href":"https:\/\/kf-st-konrad.de\/index.php?rest_route=\/wp\/v2\/pages\/35\/revisions"}],"predecessor-version":[{"id":36,"href":"https:\/\/kf-st-konrad.de\/index.php?rest_route=\/wp\/v2\/pages\/35\/revisions\/36"}],"wp:attachment":[{"href":"https:\/\/kf-st-konrad.de\/index.php?rest_route=%2Fwp%2Fv2%2Fmedia&parent=35"}],"curies":[{"name":"wp","href":"https:\/\/api.w.org\/{rel}","templated":true}]}}

<p>Kolpingsfamilie St. Konrad<br />
Tel: 0941 66197<br />
E-Mail: familie.lorenz@r-kom.net</p>
<p><strong>Haftung für Inhalte</strong></p>
<p>Die Inhalte dieser Seiten wurden mit größter Sorgfalt erstellt. Für die Richtigkeit, Vollständigkeit und Aktualität der Inhalte kann die Kolpingsfamilie St. Konrad jedoch keine Gewähr übernehmen.</p>
<p><strong>Haftung für Links</strong></p>
<p>Der Internetauftritt der Kolpingsfamilie St. Konrad enthält Links zu externen Webseiten Dritter, auf deren Inhalte die Kolpingsfamilie St. Konrad keinen Einfluss hat. Deshalb kann die Kolpingsfamilie St. Konrad für diese fremden Inhalte auch keine Gewähr übernehmen. Für die Inhalte der verlinkten Seiten ist stets der jeweilige Anbieter oder Betreiber der Seiten verantwortlich. Die verlinkten Seiten wurden zum Zeitpunkt der Verlinkung auf mögliche Rechtsverstöße überprüft. Rechtswidrige Inhalte waren zum Zeitpunkt der Verlinkung nicht erkennbar. Eine permanente inhaltliche Kontrolle der verlinkten Seiten ist jedoch ohne konkrete Anhaltspunkte einer Rechtsverletzung nicht zumutbar. Bei bekannt werden von Rechtsverletzungen werden derartige Links umgehend entfernt.</p>
<p><strong>Urheberrecht</strong></p>
<p>Die durch die Seitenbetreiber erstellten Inhalte und Werke auf diesen Seiten unterliegen dem deutschen Urheberrecht. Beiträge Dritter sind als solche gekennzeichnet. Die Vervielfältigung, Bearbeitung, Verbreitung und jede Art der Verwertung außerhalb der Grenzen des Urheberrechtes bedürfen der schriftlichen Zustimmung des jeweiligen Autors bzw. Erstellers. Downloads und Kopien dieser Seite sind nur für den privaten, nicht kommerziellen Gebrauch gestattet. Downloads und Kopien von den von mir erstellen Fotos sind erst nach Rücksprache erlaubt.</p>
<p>Die Betreiber der Seiten sind bemüht, stets die Urheberrechte anderer zu beachten bzw. auf selbst erstellte sowie lizenzfreie Werke zurückzugreifen.</p>
<p><strong>Datenschutz</strong></p>
<p>Der Nutzung von im Rahmen der Impressumspflicht veröffentlichten Kontaktdaten durch Dritte zur Übersendung von nicht ausdrücklich angeforderter Werbung und Informationsmaterialien wird hiermit ausdrücklich widersprochen. Die Betreiber der Seiten behalten sich ausdrücklich rechtliche Schritte im Falle der unverlangten Zusendung von Werbeinformationen, etwa durch Spam-Mails, vor.</p>
<p>Quelle: eRecht24.de &#8211; Internetrecht von Rechtsanwalt Sören Siebert</p>

<p>Kolpingsfamilie St. Konrad Tel: 0941 66197 E-Mail: familie.lorenz@r-kom.net Haftung für Inhalte Die Inhalte dieser Seiten wurden mit größter Sorgfalt erstellt. Für die Richtigkeit, Vollständigkeit und Aktualität der Inhalte kann die Kolpingsfamilie St. Konrad jedoch keine Gewähr übernehmen. Haftung für Links Der Internetauftritt der Kolpingsfamilie St. Konrad enthält Links zu externen Webseiten Dritter, auf deren Inhalte [&hellip;]</p>
